Calculate the highest common divisor of 112 and 5778416.
112
Calculate the highest common factor of 16 and 4588.
4
Calculate the greatest common divisor of 4056 and 1612.
52
Calculate the greatest common factor of 27348227 and 1069.
1069
What is the greatest common factor of 12 and 29144?
4
Calculate the greatest common divisor of 618739 and 132.
11
Calculate the greatest common divisor of 179870 and 60.
10
What is the highest common divisor of 1119156 and 36?
12
What is the greatest common divisor of 1288 and 1487962?
322
What is the greatest common divisor of 26 and 86060?
26
What is the highest common divisor of 32 and 236168?
8
What is the greatest common factor of 79035 and 60?
15
What is the highest common factor of 5684 and 185542?
406
What is the greatest common factor of 6754 and 4906781?
3377
Calculate the highest common divisor of 373313 and 253.
23
What is the greatest common divisor of 632771 and 251?
251
Calculate the greatest common divisor of 48054 and 18.
6
What is the greatest common divisor of 50 and 306620?
10
What is the greatest common divisor of 7412 and 5508?
68
What is the greatest common factor of 3072706 and 182?
182
Calculate the highest common factor of 5885446 and 1171.
1171
Calculate the greatest common divisor of 678436 and 1496.
748
Calculate the highest common factor of 204 and 3944.
68
Calculate the highest common divisor of 24786 and 1683.
153
What is the greatest common factor of 56 and 1412264?
56
Calculate the highest common factor of 314 and 177253.
157
Calculate the greatest common factor of 1244 and 23924.
4
Calculate the greatest common divisor of 656 and 229928.
328
Calculate the greatest common factor of 1479120 and 36.
12
What is the greatest common divisor of 272 and 7463?
17
What is the greatest common divisor of 64878 and 4?
2
Calculate the greatest common factor of 6958 and 224.
14
What is the greatest common factor of 2057 and 206063?
121
Calculate the greatest common divisor of 6328 and 112.
56
Calculate the greatest common factor of 25 and 5179.
1
Calculate the greatest common divisor of 756 and 23303.
7
What is the highest common divisor of 3938 and 92722?
358
What is the greatest common factor of 4288 and 83884?
268
What is the highest common factor of 559844 and 374?
34
What is the highest common factor of 21 and 18893?
7
Calculate the greatest common factor of 406436 and 344.
172
What is the highest common factor of 155 and 5585?
5
What is the greatest common divisor of 352 and 149336?
88
Calculate the highest common factor of 404 and 5848304.
404
What is the highest common factor of 776 and 27451?
97
Calculate the greatest common factor of 9605 and 29945.
565
Calculate the greatest common factor of 5346 and 3432.
66
What is the highest common factor of 3302 and 9334?
26
Calculate the highest common factor of 17318 and 448.
14
Calculate the greatest common factor of 36136 and 56.
8
What is the highest common divisor of 1025 and 4295?
5
Calculate the greatest common factor of 12375647 and 113.
113
Calculate the greatest common factor of 2268 and 13545.
63
Calculate the highest common factor of 383894 and 3808.
238
Calculate the greatest common factor of 1870 and 2093652.
374
Calculate the highest common factor of 695 and 655.
5
What is the greatest common divisor of 24263 and 266?
19
What is the greatest common divisor of 117524 and 2200?
44
What is the greatest common factor of 4687 and 172?
43
What is the greatest common divisor of 61392 and 96?
48
Calculate the greatest common divisor of 500 and 372875.
125
Calculate the highest common divisor of 8965 and 3520.
55
Calculate the greatest common divisor of 41184 and 12896.
416
What is the highest common factor of 1496 and 2519?
11
What is the greatest common divisor of 5394 and 186?
186
What is the highest common factor of 2433 and 3921?
3
Calculate the greatest common factor of 1491 and 588.
21
Calculate the greatest common factor of 234 and 172302.
78
Calculate the greatest common divisor of 486 and 95553.
27
What is the highest common divisor of 64332 and 234?
18
Calculate the highest common divisor of 76845 and 4251.
327
Calculate the greatest common factor of 14 and 3661.
7
What is the highest common divisor of 465 and 17391?
93
Calculate the greatest common factor of 19752 and 168.
24
Calculate the highest common divisor of 10944 and 798.
114
What is the highest common divisor of 282 and 509010?
282
What is the greatest common divisor of 259 and 6771?
37
Calculate the greatest common divisor of 219268 and 861.
287
Calculate the highest common factor of 16776 and 9.
9
Calculate the greatest common factor of 252 and 64638.
126
Calculate the highest common factor of 33368 and 5504.
344
What is the greatest common divisor of 19 and 1049446?
19
Calculate the greatest common divisor of 1808568 and 594.
54
What is the highest common factor of 1805 and 5054?
361
Calculate the highest common divisor of 8 and 2704.
8
What is the highest common factor of 17301 and 949?
73
What is the highest common divisor of 125 and 611825?
25
Calculate the highest common divisor of 55 and 6985.
55
What is the highest common divisor of 3349 and 136?
17
Calculate the greatest common divisor of 7345 and 565.
565
What is the highest common factor of 20 and 327740?
20
Calculate the greatest common divisor of 740 and 147556.
148
What is the highest common divisor of 22 and 2132603?
11
Calculate the greatest common divisor of 1581133 and 67.
67
What is the highest common factor of 116 and 1168700?
116
What is the highest common divisor of 14 and 21322?
14
What is the greatest common factor of 1802 and 77401?
17
Calculate the greatest common divisor of 6641 and 51754.
229
What is the highest common divisor of 458 and 1250798?
458
What is the highest common divisor of 133 and 45809?
19
What is the highest common divisor of 39976 and 34504?
152
Calculate the highest common factor of 63979 and 9340.
467
Calculate the greatest common factor of 28714 and 1470.
98
What is the highest common factor of 48 and 1863912?
24
What is the highest common factor of 44 and 690833?
11
What is the highest common divisor of 118728 and 544?
136
What is the highest common divisor of 120 and 11040?
120
Calculate the greatest common factor of 110489 and 353.
353
What is the highest common divisor of 190572 and 12?
12
What is the highest common factor of 325 and 106990?
65
What is the greatest common divisor of 72501 and 572?
143
Calculate the greatest common factor of 25502 and 14306.
622
Calculate the highest common factor of 161486 and 208.
26
What is the highest common factor of 8522404 and 2552?
1276
What is the greatest common divisor of 76300 and 1204?
28
What is the highest common divisor of 803 and 7183?
11
What is the greatest common factor of 164 and 914054?
82
Calculate the highest common factor of 4500 and 818280.
180
Calculate the greatest common divisor of 1797380 and 130.
130
Calculate the highest common factor of 2481 and 1688734.
827
Calculate the greatest common divisor of 34 and 2621.
1
What is the highest common factor of 83863 and 91?
13
Calculate the highest common divisor of 528 and 23958.
66
What is the highest common factor of 560 and 44500?
20
What is the highest common divisor of 1332 and 8028?
36
What is the highest common factor of 60 and 122190?
30
What is the highest common factor of 5402 and 7884?
146
What is the highest common divisor of 59 and 3004457?
59
What is the greatest common factor of 75 and 37725?
75
Calculate the greatest common factor of 830 and 209824.
166
Calculate the highest common divisor of 34021 and 7748.
13
What is the greatest common divisor of 106752 and 417?
417
Calculate the highest common factor of 695 and 1251.
139
Calculate the greatest common factor of 40 and 85300.
20
What is the highest common divisor of 2580 and 87204?
516
Calculate the highest common divisor of 27 and 19272.
3
What is the highest common divisor of 748 and 204072?
44
Calculate the greatest common factor of 342 and 14598.
18
What is the greatest common factor of 1 and 839?
1
Calculate the greatest common divisor of 1470 and 713440.
490
What is the highest common divisor of 6802 and 6726?
38
Calculate the highest common divisor of 4572 and 248.
4
What is t